001000110
Convert 200122010 (base 3) to base 9.
20563
Convert -da3 (base 14) to base 12.
-1683
12320 (base 6) to base 7
5250
What is 363 (base 16) in base 11?
719
Convert 25e1 (base 15) to base 8.
17626
177 (base 14) to base 16
12d
Convert -4c4 (base 13) to base 15.
-3ab
What is 137 (base 15) in base 2?
100010101
What is 16cb4 (base 15) in base 5?
4324434
What is 5642 (base 7) in base 10?
2039
Convert 243032 (base 5) to base 15.
2a97
Convert 110001101 (base 2) to base 12.
291
Convert -25b2 (base 12) to base 16.
-10d6
-6a30 (base 12) to base 14
-4460
12504 (base 8) to base 13
262a
Convert 10e (base 15) to base 7.
461
Convert 259 (base 10) to base 3.
100121
-20220202 (base 3) to base 6
-35202
40110 (base 8) to base 7
65656
Convert 415 (base 8) to base 7.
533
What is 37623 (base 8) in base 13?
753c
116321 (base 7) to base 5
1141203
What is -11213 (base 6) in base 11?
-1219
Convert -1fdf (base 16) to base 7.
-32534
What is 1011002 (base 3) in base 7?
2306
7a1 (base 14) to base 9
2061
-4ad (base 16) to base 5
-14242
15813 (base 13) to base 14
10ca6
Convert 33333 (base 4) to base 14.
531
-111110110010010 (base 2) to base 15
-97d1
Convert -1010110111 (base 2) to base 7.
-2012
Convert -22313322 (base 4) to base 13.
-17370
Convert 2a (base 13) to base 12.
30
What is -a468 (base 12) in base 11?
-12526
-2053 (base 6) to base 2
-111010001
Convert -34c (base 16) to base 3.
-1011021
What is -40 (base 8) in base 4?
-200
What is -111112 (base 3) in base 12?
-265
b81 (base 14) to base 13
1057
Convert -1c0e (base 15) to base 2.
-1011111001001
-20211 (base 3) to base 8
-270
What is 441 (base 6) in base 7?
331
Convert -84 (base 13) to base 8.
-154
-14131 (base 5) to base 3
-1121012
What is 7619 (base 14) in base 16?
4fb7
Convert -1011010001 (base 2) to base 4.
-23101
What is -2933 (base 13) in base 8?
-13505
Convert 2313 (base 10) to base 13.
108c
What is 761 (base 16) in base 15?
85e
-100120 (base 4) to base 2
-10000011000
What is -87b6 (base 14) in base 12?
-11710
What is 333131 (base 5) in base 16?
2d92
What is c2b5 (base 14) in base 8?
101307
-1101110111 (base 2) to base 12
-61b
Convert 34 (base 7) to base 4.
121
2034201 (base 5) to base 9
51167
What is -4695 (base 12) in base 10?
-7889
-10011011001101 (base 2) to base 8
-23315
-42 (base 6) to base 3
-222
14664 (base 7) to base 13
1b45
-12203 (base 8) to base 4
-1102003
Convert -685a (base 16) to base 2.
-110100001011010
1000220 (base 5) to base 11
1086a
Convert 1231311 (base 4) to base 15.
2139
-127 (base 16) to base 11
-249
Convert 21304 (base 6) to base 7.
11341
-103013 (base 4) to base 9
-1608
Convert 5034 (base 10) to base 14.
1b98
Convert 110001101010110 (base 2) to base 12.
12872
What is 11021012 (base 4) in base 9?
31802
7797 (base 14) to base 8
50351
-523 (base 9) to base 4
-12222
What is -2045 (base 6) in base 9?
-562
Convert 1710 (base 10) to base 7.
4662
Convert 82a (base 15) to base 10.
1840
Convert -245 (base 9) to base 7.
-410
-2144 (base 6) to base 15
-231
-17702 (base 9) to base 3
-121210002
What is -d56 (base 14) in base 16?
-a40
700 (base 8) to base 11
378
What is -2000111 (base 3) in base 10?
-1471
-153012 (base 6) to base 9
-22408
What is 1481 (base 13) in base 6?
21442
What is -21c9 (base 14) in base 3?
-22001002
-1030222 (base 4) to base 11
-3760
What is 492 (base 11) in base 8?
1111
Convert -421 (base 7) to base 16.
-d3
Convert -110311 (base 4) to base 11.
-1002
-14121 (base 10) to base 3
-201101000
What is -34445 (base 7) in base 14?
-32cc
-153241 (base 6) to base 9
-22517
-2067 (base 9) to base 10
-1519
3e74 (base 15) to base 2
11010001001000
Convert 1011100000000 (base 2) to base 3.
22002002
19e (base 16) to base 14
218
2013320 (base 5) to base 6
405411
What is 16210 (base 9) in base 3?
120020100
Convert -404f (base 16) to base 10.
-16463
What is 82a (base 14) in base 3?
2012111
-346 (base 10) to base 13
-208
What is 3414133 (base 5) in base 8?
166177
What is 10101101 (base 2) in base 10?
173
-a27 (base 14) to base 11
-1554
What is 62176 (base 8) in base 14?
9538
22021221 (base 3) to base 11
45a7
-142a0 (base 11) to base 6
-234021
What is -100010110110 (base 2) in base 10?
-2230
Convert 4003 (base 6) to base 11.
719
What is -2743 (base 12) in base 3?
-20012020
-86b (base 13) to base 2
-10110100001
What is -10442 (base 13) in base 14?
-a963
What is 1ee5 (base 15) in base 16?
1a54
2022114 (base 5) to base 6
411440
-14464 (base 9) to base 15
-2dc4
What is -667 (base 9) in base 5?
-4142
What is 15327 (base 12) in base 16?
748f
What is 2860 (base 10) in base 8?
5454
Convert -4abc (base 13) to base 4.
-2212021
Convert 1101000100 (base 2) to base 8.
1504
What is -12d16 (base 14) in base 6?
-555052
Convert 100001000111 (base 2) to base 15.
964
Convert 1678 (base 13) to base 8.
6356
Convert -324 (base 11) to base 8.
-605
12001011 (base 4) to base 16
6045
What is 10081 (base 11) in base 12?
8636
What is -7256 (base 9) in base 10?
-5316
Convert -497 (base 12) to base 10.
-691
Convert 2402041 (base 5) to base 16.
abf5
Convert 4150 (base 6) to base 7.
2466
Convert 354 (base 11) to base 7.
1142
-5e2 (base 16) to base 14
-798
-5111 (base 15) to base 5
-1021431
Convert -1732 (base 8) to base 10.
-986
51361 (base 7) to base 12
730a
Convert 1011000000 (base 2) to base 12.
4a8
What is -31131 (base 4) in base 16?
-35d
What is 18641 (base 12) in base 14?
ccdb
Convert -1101222202 (base 3) to base 2.
-110110000101111
Convert -10014 (base 5) to base 7.
-1564
What is 12212 (base 5) in base 10?
932
12065 (base 7) to base 6
22302
Convert 105221 (base 6) to base 11.
6799
Convert 1011203 (base 4) to base 10.
4451
-1003203 (base 4) to base 15
-1433
Convert 478 (base 10) to base 9.
581
What is 32231 (base 12) in base 4?
100013011
-11456 (base 14) to base 3
-2010122022
What is 6b4 (base 12) in base 15?
46a
What is -13266 (base 7) in base 11?
-2761
What is -13330 (base 5) in base 15?
-4ca
Convert -2077 (base 8) to base 9.
-1437
What is 1136 (base 7) in base 2?
110100011
What is -8241 (base 12) in base 15?
-42e1
What is 1012001 (base 4) in base 13?
2069
-64 (base 10) to base 2
-1000000
What is -67 (base 10) in base 11?
-61
What is -3c (base 14) in base 13?
-42
-15a3 (base 12) to base 7
-10332
What is 4327a (base 12) in base 3?
11111102011
3310102 (base 4) to base 8
36422
What is 15016 (base 7) in base 5?
113004
What is 88 (base 10) in base 7?
154
What is 68b (base 16) in base 6?
11431
Convert -3353 (base 16) to base 5.
-410024
20101 (base 4) to base 13
319
What is -42021 (base 7) in base 10?
-10305
2021212 (base 3) to base 14
874
What is -211102 (base 3) in base 14?
-313
What is 247446 (base 8) in base 3?
11100200201
What is 62d (base 16) in base 11?
1208
What is -330 (base 12) in base 8?
-724
Convert 41254 (base 8) to base 13.
79cc
Convert b80 (base 16) to base 8.
5600
40032 (base 5) to base 8
4725
Convert 31554 (base 8) to base 7.
53244
What is 102752 (base 8) in base 2?
1000010111101010
What is -324144 (base 5) in base 13?
-5117
12381 (base 10) to base 5
344011
-1102201 (base 4) to base 2
-1010010100001
2030 (base 5) to base 3
100211
Convert -330133 (base 5) to base 15.
-352d
Convert 849 (base 13) to base 5.
21123
7775 (base 12) to base 13
600b
Convert 216 (base 14) to base 2.
110011100
-1053 (base 7) to base 12
-279
1011000 (base 4) to base 9
6046
-633 (base 12) to base 15
-403
Convert -110101101000000 (base 2) to base 10.
-27456
-3204 (base 5) to base 16
-1ad
Convert -221021 (base 3) to base 4.
-22222
Convert -26190 (base 13) to base 15.
-15db0
Convert 3083 (base 9) to base 11.
1777
What is -11111110110111 (base 2) in base 5?
-1010221
Convert -4435 (base 7) to base 8.
-3072
-2e1 (base 16) to base 3
-1000022
Convert -2143 (base 8) to base 2.
-10001100011
What is 4735 (base 12) in base 5?
223321
-5051 (base 6) to base 11
-920
Convert 28343 (base 10) to base 4.
12322313
Convert -243 (base 8) to base 9.
-201
2914 (base 11) to base 4
322312
Convert 1377 (base 8) to base 3.
1001102
-275a (base 13) to base 14
-20ba
-2314 (base 11) to base 12
-1914
-2145b (base 13) to base 15
-12beb
-2133033 (base 4) to base 6
-115103
ab (base 14) to base 6
411
What is -722 (base 12) in base 9?
-1368
What is -12311 (base 5) in base 11?
-79a
Convert 3555 (base 7) to base 2.
10100100010
Convert -27e9 (base 15) to base 11.
-6468
What